r when 113183 is divided by 108?
107
Calculate the remainder when 2876 is divided by 475.
26
Calculate the remainder when 2781 is divided by 398.
393
What is the remainder when 40331 is divided by 89?
14
Calculate the remainder when 2989 is divided by 2936.
53
Calculate the remainder when 1876 is divided by 925.
26
Calculate the remainder when 5381 is divided by 762.
47
What is the remainder when 220890 is divided by 144?
138
Calculate the remainder when 3283 is divided by 35.
28
What is the remainder when 226641 is divided by 113312?
17
Calculate the remainder when 358570 is divided by 30.
10
What is the remainder when 487 is divided by 20?
7
What is the remainder when 3201 is divided by 790?
41
Calculate the remainder when 1259 is divided by 836.
423
What is the remainder when 7390 is divided by 205?
10
Calculate the remainder when 92533 is divided by 538.
535
Calculate the remainder when 100339 is divided by 347.
56
What is the remainder when 63927 is divided by 1252?
75
Calculate the remainder when 94166 is divided by 432.
422
What is the remainder when 510 is divided by 24?
6
What is the remainder when 82829 is divided by 330?
329
Calculate the remainder when 71667 is divided by 59.
41
What is the remainder when 45371 is divided by 363?
359
Calculate the remainder when 65068 is divided by 4063.
60
What is the remainder when 7263 is divided by 1720?
383
What is the remainder when 20235 is divided by 31?
23
What is the remainder when 3047 is divided by 254?
253
What is the remainder when 3032 is divided by 1429?
174
Calculate the remainder when 181300 is divided by 33.
31
Calculate the remainder when 13782 is divided by 13764.
18
What is the remainder when 2683 is divided by 1324?
35
Calculate the remainder when 45232 is divided by 509.
440
What is the remainder when 209809 is divided by 941?
907
Calculate the remainder when 2289 is divided by 254.
3
Calculate the remainder when 3851 is divided by 1.
0
Calculate the remainder when 259 is divided by 213.
46
What is the remainder when 14391 is divided by 626?
619
What is the remainder when 93603 is divided by 975?
3
What is the remainder when 78854 is divided by 20?
14
What is the remainder when 798 is divided by 798?
0
What is the remainder when 5889 is divided by 98?
9
Calculate the remainder when 5520 is divided by 167.
9
What is the remainder when 9382 is divided by 1169?
30
Calculate the remainder when 68424 is divided by 1161.
1086
Calculate the remainder when 1707 is divided by 560.
27
Calculate the remainder when 87608 is divided by 84.
80
What is the remainder when 11231 is divided by 5480?
271
Calculate the remainder when 167373 is divided by 515.
513
What is the remainder when 1710 is divided by 266?
114
Calculate the remainder when 324535 is divided by 70.
15
What is the remainder when 185701 is divided by 11?
10
What is the remainder when 2535 is divided by 606?
111
Calculate the remainder when 7040 is divided by 6839.
201
What is the remainder when 25192 is divided by 2511?
82
Calculate the remainder when 1874 is divided by 315.
299
What is the remainder when 4670 is divided by 85?
80
What is the remainder when 42836 is divided by 31?
25
Calculate the remainder when 97967 is divided by 1507.
12
Calculate the remainder when 906 is divided by 204.
90
Calculate the remainder when 9372 is divided by 109.
107
Calculate the remainder when 50609 is divided by 87.
62
Calculate the remainder when 422295 is divided by 206.
201
What is the remainder when 39976 is divided by 263?
0
What is the remainder when 43604 is divided by 171?
170
Calculate the remainder when 9430 is divided by 141.
124
What is the remainder when 272807 is divided by 310?
7
What is the remainder when 105770 is divided by 52882?
6
Calculate the remainder when 173226 is divided by 311.
310
What is the remainder when 1221479 is divided by 4?
3
Calculate the remainder when 11679 is divided by 40.
39
Calculate the remainder when 47139 is divided by 7850.
39
What is the remainder when 44538 is divided by 303?
300
Calculate the remainder when 8593 is divided by 2139.
37
Calculate the remainder when 988 is divided by 7.
1
What is the remainder when 8028 is divided by 229?
13
What is the remainder when 97954 is divided by 685?
684
Calculate the remainder when 599 is divided by 333.
266
Calculate the remainder when 22408 is divided by 7456.
40
Calculate the remainder when 85253 is divided by 14208.
5
What is the remainder when 168 is divided by 28?
0
Calculate the remainder when 43526 is divided by 340.
6
Calculate the remainder when 50395 is divided by 68.
7
Calculate the remainder when 1993 is divided by 88.
57
What is the remainder when 487 is divided by 472?
15
What is the remainder when 4861 is divided by 241?
41
What is the remainder when 13919 is divided by 699?
638
What is the remainder when 9526 is divided by 1356?
34
Calculate the remainder when 13889 is divided by 183.
164
Calculate the remainder when 35156 is divided by 127.
104
What is the remainder when 26471 is divided by 1393?
4
What is the remainder when 3879 is divided by 335?
194
What is the remainder when 37357 is divided by 7395?
382
What is the remainder when 44451 is divided by 517?
506
Calculate the remainder when 20254 is divided by 10102.
50
Calculate the remainder when 56017 is divided by 110.
27
Calculate the remainder when 9698 is divided by 66.
62
What is the remainder when 23783 is divided by 1364?
595
Calculate the remainder when 99 is divided by 44.
11
Calculate the remainder when 48402 is divided by 6049.
10
What is the remainder when 438005 is divided by 29199?
20
What is the remainder when 4293 is divided by 230?
153
What is the remainder when 151666 is divided by 1285?
36
Calculate the remainder when 23792 is divided by 23.
10
What is the remainder when 14488 is divided by 133?
124
What is the remainder when 111527 is divided by 1991?
31
Calculate the remainder when 2172023 is divided by 18.
17
What is the remainder when 4772 is divided by 661?
145
What is the remainder when 24898 is divided by 24875?
23
What is the remainder when 66675 is divided by 22225?
0
Calculate the remainder when 34322 is divided by 3807.
59
Calculate the remainder when 18471 is divided by 177.
63
What is the remainder when 5359 is divided by 21?
4
Calculate the remainder when 974 is divided by 163.
159
Calculate the remainder when 184985 is divided by 51.
8
What is the remainder when 4542 is divided by 4425?
117
Calculate the remainder when 5975 is divided by 56.
39
What is the remainder when 16596 is divided by 1034?
52
Calculate the remainder when 3045 is divided by 416.
133
Calculate the remainder when 5765 is divided by 438.
71
What is the remainder when 1665213 is divided by 504?
501
What is the remainder when 1121 is divided by 354?
59
What is the remainder when 7083 is divided by 910?
713
What is the remainder when 229158 is divided by 46?
32
What is the remainder when 31692 is divided by 234?
102
What is the remainder when 3256372 is divided by 109?
106
Calculate the remainder when 10898 is divided by 99.
8
Calculate the remainder when 37056 is divided by 91.
19
Calculate the remainder when 169325 is divided by 541.
533
Calculate the remainder when 14324 is divided by 16.
4
What is the remainder when 268182 is divided by 846?
0
What is the remainder when 2888 is divided by 357?
32
What is the remainder when 21856 is divided by 10908?
40
Calculate the remainder when 1270 is divided by 213.
205
What is the remainder when 145374 is divided by 352?
350
Calculate the remainder when 1560340 is divided by 23.
20
What is the remainder when 6852 is divided by 6695?
157
Calculate the remainder when 9763 is divided by 93.
91
Calculate the remainder when 334 is divided by 41.
6
What is the remainder when 4755 is divided by 263?
21
What is the remainder when 168151 is divided by 21?
4
What is the remainder when 645445 is divided by 130?
125
What is the remainder when 550 is divided by 126?
46
What is the remainder when 41883 is divided by 234?
231
What is the remainder when 692 is divided by 665?
27
Calculate the remainder when 223515 is divided by 10642.
33
What is the remainder when 42204 is divided by 14062?
18
Calculate the remainder when 11796 is divided by 129